{"id":1656,"date":"2025-07-31T07:13:06","date_gmt":"2025-07-31T07:13:06","guid":{"rendered":"https:\/\/lezginogluinsaat.com\/?page_id=1656"},"modified":"2025-07-31T08:00:16","modified_gmt":"2025-07-31T08:00:16","slug":"e-p-p-ofis-ince-isleri","status":"publish","type":"page","link":"https:\/\/lezginogluinsaat.com\/index.php\/e-p-p-ofis-ince-isleri\/","title":{"rendered":"E.P.P. OF\u0130S \u0130NCE \u0130\u015eLER\u0130"},"content":{"rendered":"\t\t<div data-elementor-type=\"wp-page\" data-elementor-id=\"1656\" class=\"elementor elementor-1656\" data-elementor-post-type=\"page\">\n\t\t\t\t<div class=\"elementor-element elementor-element-418dc78 e-flex e-con-boxed e-con e-parent\" data-id=\"418dc78\" data-element_type=\"container\" data-settings=\"{&quot;background_background&quot;:&quot;slideshow&quot;,&quot;background_slideshow_gallery&quot;:[{&quot;id&quot;:1604,&quot;url&quot;:&quot;https:\\\/\\\/lezginogluinsaat.com\\\/wp-content\\\/uploads\\\/2025\\\/07\\\/porjeler-banner2.jpg&quot;}],&quot;background_slideshow_loop&quot;:&quot;yes&quot;,&quot;background_slideshow_slide_duration&quot;:5000,&quot;background_slideshow_slide_transition&quot;:&quot;fade&quot;,&quot;background_slideshow_transition_duration&quot;:500}\">\n\t\t\t\t\t<div class=\"e-con-inner\">\n\t\t\t\t\t<\/div>\n\t\t\t\t<\/div>\n\t\t<div class=\"elementor-element elementor-element-4a5dcd3 e-grid e-con-boxed e-con e-parent\" data-id=\"4a5dcd3\" data-element_type=\"container\">\n\t\t\t\t\t<div class=\"e-con-inner\">\n\t\t\t\t<div class=\"elementor-element elementor-element-ec5b429 elementor-widget elementor-widget-image\" data-id=\"ec5b429\" data-element_type=\"widget\" data-widget_type=\"image.default\">\n\t\t\t\t<div class=\"elementor-widget-container\">\n\t\t\t\t\t\t\t\t\t\t\t\t\t\t\t<img fetchpriority=\"high\" decoding=\"async\" width=\"1024\" height=\"576\" src=\"https:\/\/lezginogluinsaat.com\/wp-content\/uploads\/2025\/07\/WhatsApp-Image-2025-07-31-at-09.52.57-4-1024x576.jpeg\" class=\"attachment-large size-large wp-image-1672\" alt=\"\" srcset=\"https:\/\/lezginogluinsaat.com\/wp-content\/uploads\/2025\/07\/WhatsApp-Image-2025-07-31-at-09.52.57-4-1024x576.jpeg 1024w, https:\/\/lezginogluinsaat.com\/wp-content\/uploads\/2025\/07\/WhatsApp-Image-2025-07-31-at-09.52.57-4-300x169.jpeg 300w, https:\/\/lezginogluinsaat.com\/wp-content\/uploads\/2025\/07\/WhatsApp-Image-2025-07-31-at-09.52.57-4-768x432.jpeg 768w, https:\/\/lezginogluinsaat.com\/wp-content\/uploads\/2025\/07\/WhatsApp-Image-2025-07-31-at-09.52.57-4-1536x864.jpeg 1536w, https:\/\/lezginogluinsaat.com\/wp-content\/uploads\/2025\/07\/WhatsApp-Image-2025-07-31-at-09.52.57-4.jpeg 1600w\" sizes=\"(max-width: 1024px) 100vw, 1024px\" \/>\t\t\t\t\t\t\t\t\t\t\t\t\t\t\t<\/div>\n\t\t\t\t<\/div>\n\t\t\t\t<div class=\"elementor-element elementor-element-9249699 elementor-widget elementor-widget-image\" data-id=\"9249699\" data-element_type=\"widget\" data-widget_type=\"image.default\">\n\t\t\t\t<div class=\"elementor-widget-container\">\n\t\t\t\t\t\t\t\t\t\t\t\t\t\t\t<img decoding=\"async\" width=\"1024\" height=\"576\" src=\"https:\/\/lezginogluinsaat.com\/wp-content\/uploads\/2025\/07\/WhatsApp-Image-2025-07-31-at-09.52.56-1-1024x576.jpeg\" class=\"attachment-large size-large wp-image-1677\" alt=\"\" srcset=\"https:\/\/lezginogluinsaat.com\/wp-content\/uploads\/2025\/07\/WhatsApp-Image-2025-07-31-at-09.52.56-1-1024x576.jpeg 1024w, https:\/\/lezginogluinsaat.com\/wp-content\/uploads\/2025\/07\/WhatsApp-Image-2025-07-31-at-09.52.56-1-300x169.jpeg 300w, https:\/\/lezginogluinsaat.com\/wp-content\/uploads\/2025\/07\/WhatsApp-Image-2025-07-31-at-09.52.56-1-768x432.jpeg 768w, https:\/\/lezginogluinsaat.com\/wp-content\/uploads\/2025\/07\/WhatsApp-Image-2025-07-31-at-09.52.56-1-1536x864.jpeg 1536w, https:\/\/lezginogluinsaat.com\/wp-content\/uploads\/2025\/07\/WhatsApp-Image-2025-07-31-at-09.52.56-1.jpeg 1600w\" sizes=\"(max-width: 1024px) 100vw, 1024px\" \/>\t\t\t\t\t\t\t\t\t\t\t\t\t\t\t<\/div>\n\t\t\t\t<\/div>\n\t\t\t\t<div class=\"elementor-element elementor-element-2d06f5a elementor-widget elementor-widget-image\" data-id=\"2d06f5a\" data-element_type=\"widget\" data-widget_type=\"image.default\">\n\t\t\t\t<div class=\"elementor-widget-container\">\n\t\t\t\t\t\t\t\t\t\t\t\t\t\t\t<img decoding=\"async\" width=\"1024\" height=\"576\" src=\"https:\/\/lezginogluinsaat.com\/wp-content\/uploads\/2025\/07\/WhatsApp-Image-2025-07-31-at-09.53.00-2-1024x576.jpeg\" class=\"attachment-large size-large wp-image-1667\" alt=\"\" srcset=\"https:\/\/lezginogluinsaat.com\/wp-content\/uploads\/2025\/07\/WhatsApp-Image-2025-07-31-at-09.53.00-2-1024x576.jpeg 1024w, https:\/\/lezginogluinsaat.com\/wp-content\/uploads\/2025\/07\/WhatsApp-Image-2025-07-31-at-09.53.00-2-300x169.jpeg 300w, https:\/\/lezginogluinsaat.com\/wp-content\/uploads\/2025\/07\/WhatsApp-Image-2025-07-31-at-09.53.00-2-768x432.jpeg 768w, https:\/\/lezginogluinsaat.com\/wp-content\/uploads\/2025\/07\/WhatsApp-Image-2025-07-31-at-09.53.00-2-1536x864.jpeg 1536w, https:\/\/lezginogluinsaat.com\/wp-content\/uploads\/2025\/07\/WhatsApp-Image-2025-07-31-at-09.53.00-2.jpeg 1600w\" sizes=\"(max-width: 1024px) 100vw, 1024px\" \/>\t\t\t\t\t\t\t\t\t\t\t\t\t\t\t<\/div>\n\t\t\t\t<\/div>\n\t\t\t\t<div class=\"elementor-element elementor-element-a61df12 elementor-widget elementor-widget-image\" data-id=\"a61df12\" data-element_type=\"widget\" data-widget_type=\"image.default\">\n\t\t\t\t<div class=\"elementor-widget-container\">\n\t\t\t\t\t\t\t\t\t\t\t\t\t\t\t<img loading=\"lazy\" decoding=\"async\" width=\"1024\" height=\"576\" src=\"https:\/\/lezginogluinsaat.com\/wp-content\/uploads\/2025\/07\/WhatsApp-Image-2025-07-31-at-09.52.57-2-1024x576.jpeg\" class=\"attachment-large size-large wp-image-1674\" alt=\"\" srcset=\"https:\/\/lezginogluinsaat.com\/wp-content\/uploads\/2025\/07\/WhatsApp-Image-2025-07-31-at-09.52.57-2-1024x576.jpeg 1024w, https:\/\/lezginogluinsaat.com\/wp-content\/uploads\/2025\/07\/WhatsApp-Image-2025-07-31-at-09.52.57-2-300x169.jpeg 300w, https:\/\/lezginogluinsaat.com\/wp-content\/uploads\/2025\/07\/WhatsApp-Image-2025-07-31-at-09.52.57-2-768x432.jpeg 768w, https:\/\/lezginogluinsaat.com\/wp-content\/uploads\/2025\/07\/WhatsApp-Image-2025-07-31-at-09.52.57-2-1536x864.jpeg 1536w, https:\/\/lezginogluinsaat.com\/wp-content\/uploads\/2025\/07\/WhatsApp-Image-2025-07-31-at-09.52.57-2.jpeg 1600w\" sizes=\"(max-width: 1024px) 100vw, 1024px\" \/>\t\t\t\t\t\t\t\t\t\t\t\t\t\t\t<\/div>\n\t\t\t\t<\/div>\n\t\t\t\t<div class=\"elementor-element elementor-element-9af9be7 elementor-widget elementor-widget-image\" data-id=\"9af9be7\" data-element_type=\"widget\" data-widget_type=\"image.default\">\n\t\t\t\t<div class=\"elementor-widget-container\">\n\t\t\t\t\t\t\t\t\t\t\t\t\t\t\t<img loading=\"lazy\" decoding=\"async\" width=\"1024\" height=\"576\" src=\"https:\/\/lezginogluinsaat.com\/wp-content\/uploads\/2025\/07\/WhatsApp-Image-2025-07-31-at-09.52.57-1-1024x576.jpeg\" class=\"attachment-large size-large wp-image-1675\" alt=\"\" srcset=\"https:\/\/lezginogluinsaat.com\/wp-content\/uploads\/2025\/07\/WhatsApp-Image-2025-07-31-at-09.52.57-1-1024x576.jpeg 1024w, https:\/\/lezginogluinsaat.com\/wp-content\/uploads\/2025\/07\/WhatsApp-Image-2025-07-31-at-09.52.57-1-300x169.jpeg 300w, https:\/\/lezginogluinsaat.com\/wp-content\/uploads\/2025\/07\/WhatsApp-Image-2025-07-31-at-09.52.57-1-768x432.jpeg 768w, https:\/\/lezginogluinsaat.com\/wp-content\/uploads\/2025\/07\/WhatsApp-Image-2025-07-31-at-09.52.57-1-1536x864.jpeg 1536w, https:\/\/lezginogluinsaat.com\/wp-content\/uploads\/2025\/07\/WhatsApp-Image-2025-07-31-at-09.52.57-1.jpeg 1600w\" sizes=\"(max-width: 1024px) 100vw, 1024px\" \/>\t\t\t\t\t\t\t\t\t\t\t\t\t\t\t<\/div>\n\t\t\t\t<\/div>\n\t\t\t\t<div class=\"elementor-element elementor-element-67f4e1a elementor-widget elementor-widget-image\" data-id=\"67f4e1a\" data-element_type=\"widget\" data-widget_type=\"image.default\">\n\t\t\t\t<div class=\"elementor-widget-container\">\n\t\t\t\t\t\t\t\t\t\t\t\t\t\t\t<img loading=\"lazy\" decoding=\"async\" width=\"1024\" height=\"576\" src=\"https:\/\/lezginogluinsaat.com\/wp-content\/uploads\/2025\/07\/WhatsApp-Image-2025-07-31-at-09.52.57-3-1024x576.jpeg\" class=\"attachment-large size-large wp-image-1673\" alt=\"\" srcset=\"https:\/\/lezginogluinsaat.com\/wp-content\/uploads\/2025\/07\/WhatsApp-Image-2025-07-31-at-09.52.57-3-1024x576.jpeg 1024w, https:\/\/lezginogluinsaat.com\/wp-content\/uploads\/2025\/07\/WhatsApp-Image-2025-07-31-at-09.52.57-3-300x169.jpeg 300w, https:\/\/lezginogluinsaat.com\/wp-content\/uploads\/2025\/07\/WhatsApp-Image-2025-07-31-at-09.52.57-3-768x432.jpeg 768w, https:\/\/lezginogluinsaat.com\/wp-content\/uploads\/2025\/07\/WhatsApp-Image-2025-07-31-at-09.52.57-3-1536x864.jpeg 1536w, https:\/\/lezginogluinsaat.com\/wp-content\/uploads\/2025\/07\/WhatsApp-Image-2025-07-31-at-09.52.57-3.jpeg 1600w\" sizes=\"(max-width: 1024px) 100vw, 1024px\" \/>\t\t\t\t\t\t\t\t\t\t\t\t\t\t\t<\/div>\n\t\t\t\t<\/div>\n\t\t\t\t\t<\/div>\n\t\t\t\t<\/div>\n\t\t\t\t<\/div>\n\t\t","protected":false},"excerpt":{"rendered":"","protected":false},"author":1,"featured_media":0,"parent":0,"menu_order":0,"comment_status":"closed","ping_status":"closed","template":"","meta":{"_kad_post_transparent":"","_kad_post_title":"hide","_kad_post_layout":"fullwidth","_kad_post_sidebar_id":"","_kad_post_content_style":"unboxed","_kad_post_vertical_padding":"hide","_kad_post_feature":"hide","_kad_post_feature_position":"","_kad_post_header":false,"_kad_post_footer":false,"footnotes":""},"class_list":["post-1656","page","type-page","status-publish","hentry"],"_links":{"self":[{"href":"https:\/\/lezginogluinsaat.com\/index.php\/wp-json\/wp\/v2\/pages\/1656","targetHints":{"allow":["GET"]}}],"collection":[{"href":"https:\/\/lezginogluinsaat.com\/index.php\/wp-json\/wp\/v2\/pages"}],"about":[{"href":"https:\/\/lezginogluinsaat.com\/index.php\/wp-json\/wp\/v2\/types\/page"}],"author":[{"embeddable":true,"href":"https:\/\/lezginogluinsaat.com\/index.php\/wp-json\/wp\/v2\/users\/1"}],"replies":[{"embeddable":true,"href":"https:\/\/lezginogluinsaat.com\/index.php\/wp-json\/wp\/v2\/comments?post=1656"}],"version-history":[{"count":9,"href":"https:\/\/lezginogluinsaat.com\/index.php\/wp-json\/wp\/v2\/pages\/1656\/revisions"}],"predecessor-version":[{"id":1691,"href":"https:\/\/lezginogluinsaat.com\/index.php\/wp-json\/wp\/v2\/pages\/1656\/revisions\/1691"}],"wp:attachment":[{"href":"https:\/\/lezginogluinsaat.com\/index.php\/wp-json\/wp\/v2\/media?parent=1656"}],"curies":[{"name":"wp","href":"https:\/\/api.w.org\/{rel}","templated":true}]}}