{"id":1629,"date":"2025-07-09T16:15:14","date_gmt":"2025-07-09T16:15:14","guid":{"rendered":"https:\/\/lezginogluinsaat.com\/?page_id=1629"},"modified":"2025-07-31T08:43:10","modified_gmt":"2025-07-31T08:43:10","slug":"kahramanmaras-elbistan-1-etap-konut-ve-ticaret-alani-insaat-projesi","status":"publish","type":"page","link":"https:\/\/lezginogluinsaat.com\/index.php\/kahramanmaras-elbistan-1-etap-konut-ve-ticaret-alani-insaat-projesi\/","title":{"rendered":"KAHRAMANMARA\u015e\/ELB\u0130STAN 1. ETAP KONUT VE T\u0130CARET ALANI \u0130N\u015eAAT PROJES\u0130"},"content":{"rendered":"\t\t<div data-elementor-type=\"wp-page\" data-elementor-id=\"1629\" class=\"elementor elementor-1629\" data-elementor-post-type=\"page\">\n\t\t\t\t<div class=\"elementor-element elementor-element-d079076 e-flex e-con-boxed e-con e-parent\" data-id=\"d079076\" data-element_type=\"container\" data-settings=\"{&quot;background_background&quot;:&quot;classic&quot;}\">\n\t\t\t\t\t<div class=\"e-con-inner\">\n\t\t\t\t\t<\/div>\n\t\t\t\t<\/div>\n\t\t<div class=\"elementor-element elementor-element-2e4538f e-flex e-con-boxed e-con e-parent\" data-id=\"2e4538f\" data-element_type=\"container\">\n\t\t\t\t\t<div class=\"e-con-inner\">\n\t\t<div class=\"elementor-element elementor-element-b301543 e-con-full e-flex e-con e-child\" data-id=\"b301543\" data-element_type=\"container\">\n\t\t\t\t<div class=\"elementor-element elementor-element-417b72a elementor-widget elementor-widget-image\" data-id=\"417b72a\" data-element_type=\"widget\" data-widget_type=\"image.default\">\n\t\t\t\t<div class=\"elementor-widget-container\">\n\t\t\t\t\t\t\t\t\t\t\t\t\t\t\t<img fetchpriority=\"high\" decoding=\"async\" width=\"1024\" height=\"768\" src=\"https:\/\/lezginogluinsaat.com\/wp-content\/uploads\/2025\/07\/WhatsApp-Image-2025-06-02-at-22.49.32-1024x768.jpeg\" class=\"attachment-large size-large wp-image-1639\" alt=\"\" srcset=\"https:\/\/lezginogluinsaat.com\/wp-content\/uploads\/2025\/07\/WhatsApp-Image-2025-06-02-at-22.49.32-1024x768.jpeg 1024w, https:\/\/lezginogluinsaat.com\/wp-content\/uploads\/2025\/07\/WhatsApp-Image-2025-06-02-at-22.49.32-300x225.jpeg 300w, https:\/\/lezginogluinsaat.com\/wp-content\/uploads\/2025\/07\/WhatsApp-Image-2025-06-02-at-22.49.32-768x576.jpeg 768w, https:\/\/lezginogluinsaat.com\/wp-content\/uploads\/2025\/07\/WhatsApp-Image-2025-06-02-at-22.49.32-1536x1152.jpeg 1536w, https:\/\/lezginogluinsaat.com\/wp-content\/uploads\/2025\/07\/WhatsApp-Image-2025-06-02-at-22.49.32.jpeg 2048w\" sizes=\"(max-width: 1024px) 100vw, 1024px\" \/>\t\t\t\t\t\t\t\t\t\t\t\t\t\t\t<\/div>\n\t\t\t\t<\/div>\n\t\t\t\t<\/div>\n\t\t<div class=\"elementor-element elementor-element-2bdc496 e-con-full e-flex e-con e-child\" data-id=\"2bdc496\" data-element_type=\"container\">\n\t\t\t\t<div class=\"elementor-element elementor-element-964b43a elementor-widget elementor-widget-image\" data-id=\"964b43a\" data-element_type=\"widget\" data-widget_type=\"image.default\">\n\t\t\t\t<div class=\"elementor-widget-container\">\n\t\t\t\t\t\t\t\t\t\t\t\t\t\t\t<img decoding=\"async\" width=\"1024\" height=\"768\" src=\"https:\/\/lezginogluinsaat.com\/wp-content\/uploads\/2025\/07\/WhatsApp-Image-2025-06-12-at-13.58.03-1-1024x768.jpeg\" class=\"attachment-large size-large wp-image-1574\" alt=\"\" srcset=\"https:\/\/lezginogluinsaat.com\/wp-content\/uploads\/2025\/07\/WhatsApp-Image-2025-06-12-at-13.58.03-1-1024x768.jpeg 1024w, https:\/\/lezginogluinsaat.com\/wp-content\/uploads\/2025\/07\/WhatsApp-Image-2025-06-12-at-13.58.03-1-300x225.jpeg 300w, https:\/\/lezginogluinsaat.com\/wp-content\/uploads\/2025\/07\/WhatsApp-Image-2025-06-12-at-13.58.03-1-768x576.jpeg 768w, https:\/\/lezginogluinsaat.com\/wp-content\/uploads\/2025\/07\/WhatsApp-Image-2025-06-12-at-13.58.03-1-1536x1152.jpeg 1536w, https:\/\/lezginogluinsaat.com\/wp-content\/uploads\/2025\/07\/WhatsApp-Image-2025-06-12-at-13.58.03-1.jpeg 1600w\" sizes=\"(max-width: 1024px) 100vw, 1024px\" \/>\t\t\t\t\t\t\t\t\t\t\t\t\t\t\t<\/div>\n\t\t\t\t<\/div>\n\t\t\t\t<\/div>\n\t\t<div class=\"elementor-element elementor-element-9c2afc0 e-con-full e-flex e-con e-child\" data-id=\"9c2afc0\" data-element_type=\"container\">\n\t\t\t\t<div class=\"elementor-element elementor-element-b988b85 elementor-widget elementor-widget-image\" data-id=\"b988b85\" data-element_type=\"widget\" data-widget_type=\"image.default\">\n\t\t\t\t<div class=\"elementor-widget-container\">\n\t\t\t\t\t\t\t\t\t\t\t\t\t\t\t<img decoding=\"async\" width=\"1024\" height=\"768\" src=\"https:\/\/lezginogluinsaat.com\/wp-content\/uploads\/2025\/07\/WhatsApp-Image-2025-05-29-at-21.56.18-1024x768.jpeg\" class=\"attachment-large size-large wp-image-1638\" alt=\"\" srcset=\"https:\/\/lezginogluinsaat.com\/wp-content\/uploads\/2025\/07\/WhatsApp-Image-2025-05-29-at-21.56.18-1024x768.jpeg 1024w, https:\/\/lezginogluinsaat.com\/wp-content\/uploads\/2025\/07\/WhatsApp-Image-2025-05-29-at-21.56.18-300x225.jpeg 300w, https:\/\/lezginogluinsaat.com\/wp-content\/uploads\/2025\/07\/WhatsApp-Image-2025-05-29-at-21.56.18-768x576.jpeg 768w, https:\/\/lezginogluinsaat.com\/wp-content\/uploads\/2025\/07\/WhatsApp-Image-2025-05-29-at-21.56.18-1536x1152.jpeg 1536w, https:\/\/lezginogluinsaat.com\/wp-content\/uploads\/2025\/07\/WhatsApp-Image-2025-05-29-at-21.56.18.jpeg 2048w\" sizes=\"(max-width: 1024px) 100vw, 1024px\" \/>\t\t\t\t\t\t\t\t\t\t\t\t\t\t\t<\/div>\n\t\t\t\t<\/div>\n\t\t\t\t<\/div>\n\t\t<div class=\"elementor-element elementor-element-328ed90 e-con-full e-flex e-con e-child\" data-id=\"328ed90\" data-element_type=\"container\">\n\t\t\t\t<div class=\"elementor-element elementor-element-f1eca7a elementor-widget elementor-widget-image\" data-id=\"f1eca7a\" data-element_type=\"widget\" data-widget_type=\"image.default\">\n\t\t\t\t<div class=\"elementor-widget-container\">\n\t\t\t\t\t\t\t\t\t\t\t\t\t\t\t<img loading=\"lazy\" decoding=\"async\" width=\"1024\" height=\"576\" src=\"https:\/\/lezginogluinsaat.com\/wp-content\/uploads\/2025\/07\/WhatsApp-Image-2025-06-10-at-19.47.51-1024x576.jpeg\" class=\"attachment-large size-large wp-image-1573\" alt=\"\" srcset=\"https:\/\/lezginogluinsaat.com\/wp-content\/uploads\/2025\/07\/WhatsApp-Image-2025-06-10-at-19.47.51-1024x576.jpeg 1024w, https:\/\/lezginogluinsaat.com\/wp-content\/uploads\/2025\/07\/WhatsApp-Image-2025-06-10-at-19.47.51-300x169.jpeg 300w, https:\/\/lezginogluinsaat.com\/wp-content\/uploads\/2025\/07\/WhatsApp-Image-2025-06-10-at-19.47.51-768x432.jpeg 768w, https:\/\/lezginogluinsaat.com\/wp-content\/uploads\/2025\/07\/WhatsApp-Image-2025-06-10-at-19.47.51-1536x864.jpeg 1536w, https:\/\/lezginogluinsaat.com\/wp-content\/uploads\/2025\/07\/WhatsApp-Image-2025-06-10-at-19.47.51.jpeg 1600w\" sizes=\"(max-width: 1024px) 100vw, 1024px\" \/>\t\t\t\t\t\t\t\t\t\t\t\t\t\t\t<\/div>\n\t\t\t\t<\/div>\n\t\t\t\t<\/div>\n\t\t\t\t\t<\/div>\n\t\t\t\t<\/div>\n\t\t<div class=\"elementor-element elementor-element-5e5dcaf e-flex e-con-boxed e-con e-parent\" data-id=\"5e5dcaf\" data-element_type=\"container\">\n\t\t\t\t\t<div class=\"e-con-inner\">\n\t\t<div class=\"elementor-element elementor-element-8fec6ad e-con-full e-flex e-con e-child\" data-id=\"8fec6ad\" data-element_type=\"container\">\n\t\t\t\t<div class=\"elementor-element elementor-element-8963ac3 elementor-widget elementor-widget-image\" data-id=\"8963ac3\" data-element_type=\"widget\" data-widget_type=\"image.default\">\n\t\t\t\t<div class=\"elementor-widget-container\">\n\t\t\t\t\t\t\t\t\t\t\t\t\t\t\t<img loading=\"lazy\" decoding=\"async\" width=\"1024\" height=\"768\" src=\"https:\/\/lezginogluinsaat.com\/wp-content\/uploads\/2025\/07\/WhatsApp-Image-2025-07-31-at-11.40.51-1024x768.jpeg\" class=\"attachment-large size-large wp-image-1713\" alt=\"\" srcset=\"https:\/\/lezginogluinsaat.com\/wp-content\/uploads\/2025\/07\/WhatsApp-Image-2025-07-31-at-11.40.51-1024x768.jpeg 1024w, https:\/\/lezginogluinsaat.com\/wp-content\/uploads\/2025\/07\/WhatsApp-Image-2025-07-31-at-11.40.51-300x225.jpeg 300w, https:\/\/lezginogluinsaat.com\/wp-content\/uploads\/2025\/07\/WhatsApp-Image-2025-07-31-at-11.40.51-768x576.jpeg 768w, https:\/\/lezginogluinsaat.com\/wp-content\/uploads\/2025\/07\/WhatsApp-Image-2025-07-31-at-11.40.51-1536x1152.jpeg 1536w, https:\/\/lezginogluinsaat.com\/wp-content\/uploads\/2025\/07\/WhatsApp-Image-2025-07-31-at-11.40.51.jpeg 1600w\" sizes=\"(max-width: 1024px) 100vw, 1024px\" \/>\t\t\t\t\t\t\t\t\t\t\t\t\t\t\t<\/div>\n\t\t\t\t<\/div>\n\t\t\t\t<\/div>\n\t\t<div class=\"elementor-element elementor-element-6e2b517 e-con-full e-flex e-con e-child\" data-id=\"6e2b517\" data-element_type=\"container\">\n\t\t\t\t<div class=\"elementor-element elementor-element-76d5a9b elementor-widget elementor-widget-image\" data-id=\"76d5a9b\" data-element_type=\"widget\" data-widget_type=\"image.default\">\n\t\t\t\t<div class=\"elementor-widget-container\">\n\t\t\t\t\t\t\t\t\t\t\t\t\t\t\t<img loading=\"lazy\" decoding=\"async\" width=\"1024\" height=\"768\" src=\"https:\/\/lezginogluinsaat.com\/wp-content\/uploads\/2025\/07\/WhatsApp-Image-2025-07-31-at-11.40.51-1-1024x768.jpeg\" class=\"attachment-large size-large wp-image-1712\" alt=\"\" srcset=\"https:\/\/lezginogluinsaat.com\/wp-content\/uploads\/2025\/07\/WhatsApp-Image-2025-07-31-at-11.40.51-1-1024x768.jpeg 1024w, https:\/\/lezginogluinsaat.com\/wp-content\/uploads\/2025\/07\/WhatsApp-Image-2025-07-31-at-11.40.51-1-300x225.jpeg 300w, https:\/\/lezginogluinsaat.com\/wp-content\/uploads\/2025\/07\/WhatsApp-Image-2025-07-31-at-11.40.51-1-768x576.jpeg 768w, https:\/\/lezginogluinsaat.com\/wp-content\/uploads\/2025\/07\/WhatsApp-Image-2025-07-31-at-11.40.51-1-1536x1152.jpeg 1536w, https:\/\/lezginogluinsaat.com\/wp-content\/uploads\/2025\/07\/WhatsApp-Image-2025-07-31-at-11.40.51-1.jpeg 1600w\" sizes=\"(max-width: 1024px) 100vw, 1024px\" \/>\t\t\t\t\t\t\t\t\t\t\t\t\t\t\t<\/div>\n\t\t\t\t<\/div>\n\t\t\t\t<\/div>\n\t\t<div class=\"elementor-element elementor-element-2e5de39 e-con-full e-flex e-con e-child\" data-id=\"2e5de39\" data-element_type=\"container\">\n\t\t\t\t<\/div>\n\t\t<div class=\"elementor-element elementor-element-ba012bf e-con-full e-flex e-con e-child\" data-id=\"ba012bf\" data-element_type=\"container\">\n\t\t\t\t<\/div>\n\t\t\t\t\t<\/div>\n\t\t\t\t<\/div>\n\t\t<div class=\"elementor-element elementor-element-b64fdd2 e-flex e-con-boxed e-con e-parent\" data-id=\"b64fdd2\" data-element_type=\"container\">\n\t\t\t\t\t<div class=\"e-con-inner\">\n\t\t\t\t\t<\/div>\n\t\t\t\t<\/div>\n\t\t\t\t<\/div>\n\t\t","protected":false},"excerpt":{"rendered":"","protected":false},"author":1,"featured_media":0,"parent":0,"menu_order":0,"comment_status":"closed","ping_status":"closed","template":"","meta":{"_kad_post_transparent":"","_kad_post_title":"hide","_kad_post_layout":"fullwidth","_kad_post_sidebar_id":"","_kad_post_content_style":"unboxed","_kad_post_vertical_padding":"hide","_kad_post_feature":"hide","_kad_post_feature_position":"","_kad_post_header":false,"_kad_post_footer":false,"footnotes":""},"class_list":["post-1629","page","type-page","status-publish","hentry"],"_links":{"self":[{"href":"https:\/\/lezginogluinsaat.com\/index.php\/wp-json\/wp\/v2\/pages\/1629","targetHints":{"allow":["GET"]}}],"collection":[{"href":"https:\/\/lezginogluinsaat.com\/index.php\/wp-json\/wp\/v2\/pages"}],"about":[{"href":"https:\/\/lezginogluinsaat.com\/index.php\/wp-json\/wp\/v2\/types\/page"}],"author":[{"embeddable":true,"href":"https:\/\/lezginogluinsaat.com\/index.php\/wp-json\/wp\/v2\/users\/1"}],"replies":[{"embeddable":true,"href":"https:\/\/lezginogluinsaat.com\/index.php\/wp-json\/wp\/v2\/comments?post=1629"}],"version-history":[{"count":12,"href":"https:\/\/lezginogluinsaat.com\/index.php\/wp-json\/wp\/v2\/pages\/1629\/revisions"}],"predecessor-version":[{"id":1716,"href":"https:\/\/lezginogluinsaat.com\/index.php\/wp-json\/wp\/v2\/pages\/1629\/revisions\/1716"}],"wp:attachment":[{"href":"https:\/\/lezginogluinsaat.com\/index.php\/wp-json\/wp\/v2\/media?parent=1629"}],"curies":[{"name":"wp","href":"https:\/\/api.w.org\/{rel}","templated":true}]}}