{"id":1213,"date":"2024-07-02T09:14:47","date_gmt":"2024-07-02T09:14:47","guid":{"rendered":"https:\/\/lezginogluinsaat.com\/?page_id=1213"},"modified":"2025-06-11T04:25:23","modified_gmt":"2025-06-11T04:25:23","slug":"rengi-antalya-premium-projesi","status":"publish","type":"page","link":"https:\/\/lezginogluinsaat.com\/index.php\/rengi-antalya-premium-projesi\/","title":{"rendered":"RENG\u0130 ANTALYA PREM\u0130UM PROJES\u0130"},"content":{"rendered":"\t\t<div data-elementor-type=\"wp-page\" data-elementor-id=\"1213\" class=\"elementor elementor-1213\" data-elementor-post-type=\"page\">\n\t\t\t\t<div class=\"elementor-element elementor-element-af11472 e-con-full e-flex e-con e-parent\" data-id=\"af11472\" data-element_type=\"container\" data-settings=\"{&quot;background_background&quot;:&quot;classic&quot;}\">\n\t\t\t\t<\/div>\n\t\t<div class=\"elementor-element elementor-element-3ec9ccd4 e-grid e-con-boxed e-con e-parent\" data-id=\"3ec9ccd4\" data-element_type=\"container\">\n\t\t\t\t\t<div class=\"e-con-inner\">\n\t\t\t\t<div class=\"elementor-element elementor-element-264a93ed elementor-widget elementor-widget-image\" data-id=\"264a93ed\" data-element_type=\"widget\" data-widget_type=\"image.default\">\n\t\t\t\t<div class=\"elementor-widget-container\">\n\t\t\t\t\t\t\t\t\t\t\t\t\t\t\t<img fetchpriority=\"high\" decoding=\"async\" width=\"1024\" height=\"768\" src=\"https:\/\/lezginogluinsaat.com\/wp-content\/uploads\/2025\/06\/WhatsApp-Image-2024-06-10-at-16.15.33-1.jpeg\" class=\"attachment-large size-large wp-image-1478\" alt=\"\" srcset=\"https:\/\/lezginogluinsaat.com\/wp-content\/uploads\/2025\/06\/WhatsApp-Image-2024-06-10-at-16.15.33-1.jpeg 1024w, https:\/\/lezginogluinsaat.com\/wp-content\/uploads\/2025\/06\/WhatsApp-Image-2024-06-10-at-16.15.33-1-300x225.jpeg 300w, https:\/\/lezginogluinsaat.com\/wp-content\/uploads\/2025\/06\/WhatsApp-Image-2024-06-10-at-16.15.33-1-768x576.jpeg 768w\" sizes=\"(max-width: 1024px) 100vw, 1024px\" \/>\t\t\t\t\t\t\t\t\t\t\t\t\t\t\t<\/div>\n\t\t\t\t<\/div>\n\t\t\t\t<div class=\"elementor-element elementor-element-6675c943 elementor-widget elementor-widget-image\" data-id=\"6675c943\" data-element_type=\"widget\" data-widget_type=\"image.default\">\n\t\t\t\t<div class=\"elementor-widget-container\">\n\t\t\t\t\t\t\t\t\t\t\t\t\t\t\t<img decoding=\"async\" width=\"1024\" height=\"768\" src=\"https:\/\/lezginogluinsaat.com\/wp-content\/uploads\/2025\/06\/WhatsApp-Image-2024-06-10-at-16.15.33-3.jpeg\" class=\"attachment-large size-large wp-image-1473\" alt=\"\" srcset=\"https:\/\/lezginogluinsaat.com\/wp-content\/uploads\/2025\/06\/WhatsApp-Image-2024-06-10-at-16.15.33-3.jpeg 1024w, https:\/\/lezginogluinsaat.com\/wp-content\/uploads\/2025\/06\/WhatsApp-Image-2024-06-10-at-16.15.33-3-300x225.jpeg 300w, https:\/\/lezginogluinsaat.com\/wp-content\/uploads\/2025\/06\/WhatsApp-Image-2024-06-10-at-16.15.33-3-768x576.jpeg 768w\" sizes=\"(max-width: 1024px) 100vw, 1024px\" \/>\t\t\t\t\t\t\t\t\t\t\t\t\t\t\t<\/div>\n\t\t\t\t<\/div>\n\t\t\t\t<div class=\"elementor-element elementor-element-53d6435f elementor-widget elementor-widget-image\" data-id=\"53d6435f\" data-element_type=\"widget\" data-widget_type=\"image.default\">\n\t\t\t\t<div class=\"elementor-widget-container\">\n\t\t\t\t\t\t\t\t\t\t\t\t\t\t\t<img decoding=\"async\" width=\"1024\" height=\"768\" src=\"https:\/\/lezginogluinsaat.com\/wp-content\/uploads\/2025\/06\/WhatsApp-Image-2024-06-10-at-16.15.33-4.jpeg\" class=\"attachment-large size-large wp-image-1474\" alt=\"\" srcset=\"https:\/\/lezginogluinsaat.com\/wp-content\/uploads\/2025\/06\/WhatsApp-Image-2024-06-10-at-16.15.33-4.jpeg 1024w, https:\/\/lezginogluinsaat.com\/wp-content\/uploads\/2025\/06\/WhatsApp-Image-2024-06-10-at-16.15.33-4-300x225.jpeg 300w, https:\/\/lezginogluinsaat.com\/wp-content\/uploads\/2025\/06\/WhatsApp-Image-2024-06-10-at-16.15.33-4-768x576.jpeg 768w\" sizes=\"(max-width: 1024px) 100vw, 1024px\" \/>\t\t\t\t\t\t\t\t\t\t\t\t\t\t\t<\/div>\n\t\t\t\t<\/div>\n\t\t\t\t<div class=\"elementor-element elementor-element-195b5763 elementor-widget elementor-widget-image\" data-id=\"195b5763\" data-element_type=\"widget\" data-widget_type=\"image.default\">\n\t\t\t\t<div class=\"elementor-widget-container\">\n\t\t\t\t\t\t\t\t\t\t\t\t\t\t\t<img loading=\"lazy\" decoding=\"async\" width=\"1024\" height=\"768\" src=\"https:\/\/lezginogluinsaat.com\/wp-content\/uploads\/2025\/06\/WhatsApp-Image-2024-06-10-at-16.15.33-1024x768.jpeg\" class=\"attachment-large size-large wp-image-1475\" alt=\"\" srcset=\"https:\/\/lezginogluinsaat.com\/wp-content\/uploads\/2025\/06\/WhatsApp-Image-2024-06-10-at-16.15.33-1024x768.jpeg 1024w, https:\/\/lezginogluinsaat.com\/wp-content\/uploads\/2025\/06\/WhatsApp-Image-2024-06-10-at-16.15.33-300x225.jpeg 300w, https:\/\/lezginogluinsaat.com\/wp-content\/uploads\/2025\/06\/WhatsApp-Image-2024-06-10-at-16.15.33-768x576.jpeg 768w, https:\/\/lezginogluinsaat.com\/wp-content\/uploads\/2025\/06\/WhatsApp-Image-2024-06-10-at-16.15.33-1536x1152.jpeg 1536w, https:\/\/lezginogluinsaat.com\/wp-content\/uploads\/2025\/06\/WhatsApp-Image-2024-06-10-at-16.15.33.jpeg 1600w\" sizes=\"(max-width: 1024px) 100vw, 1024px\" \/>\t\t\t\t\t\t\t\t\t\t\t\t\t\t\t<\/div>\n\t\t\t\t<\/div>\n\t\t\t\t<div class=\"elementor-element elementor-element-27d65687 elementor-widget elementor-widget-image\" data-id=\"27d65687\" data-element_type=\"widget\" data-widget_type=\"image.default\">\n\t\t\t\t<div class=\"elementor-widget-container\">\n\t\t\t\t\t\t\t\t\t\t\t\t\t\t\t<img loading=\"lazy\" decoding=\"async\" width=\"1024\" height=\"768\" src=\"https:\/\/lezginogluinsaat.com\/wp-content\/uploads\/2025\/06\/WhatsApp-Image-2024-06-10-at-16.25.08-1024x768.jpeg\" class=\"attachment-large size-large wp-image-1476\" alt=\"\" srcset=\"https:\/\/lezginogluinsaat.com\/wp-content\/uploads\/2025\/06\/WhatsApp-Image-2024-06-10-at-16.25.08-1024x768.jpeg 1024w, https:\/\/lezginogluinsaat.com\/wp-content\/uploads\/2025\/06\/WhatsApp-Image-2024-06-10-at-16.25.08-300x225.jpeg 300w, https:\/\/lezginogluinsaat.com\/wp-content\/uploads\/2025\/06\/WhatsApp-Image-2024-06-10-at-16.25.08-768x576.jpeg 768w, https:\/\/lezginogluinsaat.com\/wp-content\/uploads\/2025\/06\/WhatsApp-Image-2024-06-10-at-16.25.08-1536x1152.jpeg 1536w, https:\/\/lezginogluinsaat.com\/wp-content\/uploads\/2025\/06\/WhatsApp-Image-2024-06-10-at-16.25.08-2048x1536.jpeg 2048w\" sizes=\"(max-width: 1024px) 100vw, 1024px\" \/>\t\t\t\t\t\t\t\t\t\t\t\t\t\t\t<\/div>\n\t\t\t\t<\/div>\n\t\t\t\t<div class=\"elementor-element elementor-element-54dcca71 elementor-widget elementor-widget-image\" data-id=\"54dcca71\" data-element_type=\"widget\" data-widget_type=\"image.default\">\n\t\t\t\t<div class=\"elementor-widget-container\">\n\t\t\t\t\t\t\t\t\t\t\t\t\t\t\t<img loading=\"lazy\" decoding=\"async\" width=\"1024\" height=\"768\" src=\"https:\/\/lezginogluinsaat.com\/wp-content\/uploads\/2025\/06\/WhatsApp-Image-2024-06-10-at-16.27.45-1-1024x768.jpeg\" class=\"attachment-large size-large wp-image-1477\" alt=\"\" srcset=\"https:\/\/lezginogluinsaat.com\/wp-content\/uploads\/2025\/06\/WhatsApp-Image-2024-06-10-at-16.27.45-1-1024x768.jpeg 1024w, https:\/\/lezginogluinsaat.com\/wp-content\/uploads\/2025\/06\/WhatsApp-Image-2024-06-10-at-16.27.45-1-300x225.jpeg 300w, https:\/\/lezginogluinsaat.com\/wp-content\/uploads\/2025\/06\/WhatsApp-Image-2024-06-10-at-16.27.45-1-768x576.jpeg 768w, https:\/\/lezginogluinsaat.com\/wp-content\/uploads\/2025\/06\/WhatsApp-Image-2024-06-10-at-16.27.45-1-1536x1152.jpeg 1536w, https:\/\/lezginogluinsaat.com\/wp-content\/uploads\/2025\/06\/WhatsApp-Image-2024-06-10-at-16.27.45-1.jpeg 1600w\" sizes=\"(max-width: 1024px) 100vw, 1024px\" \/>\t\t\t\t\t\t\t\t\t\t\t\t\t\t\t<\/div>\n\t\t\t\t<\/div>\n\t\t\t\t\t<\/div>\n\t\t\t\t<\/div>\n\t\t\t\t<\/div>\n\t\t","protected":false},"excerpt":{"rendered":"","protected":false},"author":1,"featured_media":0,"parent":0,"menu_order":0,"comment_status":"closed","ping_status":"closed","template":"","meta":{"_kad_post_transparent":"default","_kad_post_title":"hide","_kad_post_layout":"fullwidth","_kad_post_sidebar_id":"","_kad_post_content_style":"unboxed","_kad_post_vertical_padding":"hide","_kad_post_feature":"hide","_kad_post_feature_position":"","_kad_post_header":false,"_kad_post_footer":false,"footnotes":""},"class_list":["post-1213","page","type-page","status-publish","hentry"],"_links":{"self":[{"href":"https:\/\/lezginogluinsaat.com\/index.php\/wp-json\/wp\/v2\/pages\/1213","targetHints":{"allow":["GET"]}}],"collection":[{"href":"https:\/\/lezginogluinsaat.com\/index.php\/wp-json\/wp\/v2\/pages"}],"about":[{"href":"https:\/\/lezginogluinsaat.com\/index.php\/wp-json\/wp\/v2\/types\/page"}],"author":[{"embeddable":true,"href":"https:\/\/lezginogluinsaat.com\/index.php\/wp-json\/wp\/v2\/users\/1"}],"replies":[{"embeddable":true,"href":"https:\/\/lezginogluinsaat.com\/index.php\/wp-json\/wp\/v2\/comments?post=1213"}],"version-history":[{"count":25,"href":"https:\/\/lezginogluinsaat.com\/index.php\/wp-json\/wp\/v2\/pages\/1213\/revisions"}],"predecessor-version":[{"id":1481,"href":"https:\/\/lezginogluinsaat.com\/index.php\/wp-json\/wp\/v2\/pages\/1213\/revisions\/1481"}],"wp:attachment":[{"href":"https:\/\/lezginogluinsaat.com\/index.php\/wp-json\/wp\/v2\/media?parent=1213"}],"curies":[{"name":"wp","href":"https:\/\/api.w.org\/{rel}","templated":true}]}}