{"id":1151,"date":"2024-07-02T08:44:33","date_gmt":"2024-07-02T08:44:33","guid":{"rendered":"https:\/\/lezginogluinsaat.com\/?page_id=1151"},"modified":"2025-06-11T04:31:45","modified_gmt":"2025-06-11T04:31:45","slug":"altindag-eski-belediye-binasi-projemiz","status":"publish","type":"page","link":"https:\/\/lezginogluinsaat.com\/index.php\/altindag-eski-belediye-binasi-projemiz\/","title":{"rendered":"ALTINDA\u011e ESK\u0130 BELED\u0130YE B\u0130NASI PROJEM\u0130Z"},"content":{"rendered":"\t\t<div data-elementor-type=\"wp-page\" data-elementor-id=\"1151\" class=\"elementor elementor-1151\" data-elementor-post-type=\"page\">\n\t\t\t\t<div class=\"elementor-element elementor-element-1b114b4 e-con-full e-flex e-con e-parent\" data-id=\"1b114b4\" data-element_type=\"container\" data-settings=\"{&quot;background_background&quot;:&quot;classic&quot;}\">\n\t\t\t\t<\/div>\n\t\t<div class=\"elementor-element elementor-element-ae5ef70 e-flex e-con-boxed e-con e-parent\" data-id=\"ae5ef70\" data-element_type=\"container\">\n\t\t\t\t\t<div class=\"e-con-inner\">\n\t\t\t\t<div class=\"elementor-element elementor-element-f46207c elementor-widget elementor-widget-gallery\" data-id=\"f46207c\" data-element_type=\"widget\" data-settings=\"{&quot;gallery_layout&quot;:&quot;masonry&quot;,&quot;lazyload&quot;:&quot;yes&quot;,&quot;columns&quot;:4,&quot;columns_tablet&quot;:2,&quot;columns_mobile&quot;:1,&quot;gap&quot;:{&quot;unit&quot;:&quot;px&quot;,&quot;size&quot;:10,&quot;sizes&quot;:[]},&quot;gap_tablet&quot;:{&quot;unit&quot;:&quot;px&quot;,&quot;size&quot;:10,&quot;sizes&quot;:[]},&quot;gap_mobile&quot;:{&quot;unit&quot;:&quot;px&quot;,&quot;size&quot;:10,&quot;sizes&quot;:[]},&quot;link_to&quot;:&quot;file&quot;,&quot;overlay_background&quot;:&quot;yes&quot;,&quot;content_hover_animation&quot;:&quot;fade-in&quot;}\" data-widget_type=\"gallery.default\">\n\t\t\t\t<div class=\"elementor-widget-container\">\n\t\t\t\t\t\t\t<div class=\"elementor-gallery__container\">\n\t\t\t\t\t\t\t<a class=\"e-gallery-item elementor-gallery-item elementor-animated-content\" href=\"https:\/\/lezginogluinsaat.com\/wp-content\/uploads\/2024\/07\/WhatsApp-Image-2024-06-10-at-15.43.55-2.jpeg\" data-elementor-open-lightbox=\"yes\" data-elementor-lightbox-slideshow=\"f46207c\" data-elementor-lightbox-title=\"Lezgino\u011flu \u0130n\u015faat\" data-e-action-hash=\"#elementor-action%3Aaction%3Dlightbox%26settings%3DeyJpZCI6MTE2MSwidXJsIjoiaHR0cHM6XC9cL2xlemdpbm9nbHVpbnNhYXQuY29tXC93cC1jb250ZW50XC91cGxvYWRzXC8yMDI0XC8wN1wvV2hhdHNBcHAtSW1hZ2UtMjAyNC0wNi0xMC1hdC0xNS40My41NS0yLmpwZWciLCJzbGlkZXNob3ciOiJmNDYyMDdjIn0%3D\">\n\t\t\t\t\t<div class=\"e-gallery-image elementor-gallery-item__image\" data-thumbnail=\"https:\/\/lezginogluinsaat.com\/wp-content\/uploads\/2024\/07\/WhatsApp-Image-2024-06-10-at-15.43.55-2-300x225.jpeg\" data-width=\"300\" data-height=\"225\" aria-label=\"\" role=\"img\" ><\/div>\n\t\t\t\t\t\t\t\t\t\t\t<div class=\"elementor-gallery-item__overlay\"><\/div>\n\t\t\t\t\t\t\t\t\t\t\t\t\t\t<\/a>\n\t\t\t\t\t\t\t<a class=\"e-gallery-item elementor-gallery-item elementor-animated-content\" href=\"https:\/\/lezginogluinsaat.com\/wp-content\/uploads\/2024\/07\/ankara-saha-1.jpeg\" data-elementor-open-lightbox=\"yes\" data-elementor-lightbox-slideshow=\"f46207c\" data-elementor-lightbox-title=\"Lezgino\u011flu \u0130n\u015faat\" data-e-action-hash=\"#elementor-action%3Aaction%3Dlightbox%26settings%3DeyJpZCI6MTE1NiwidXJsIjoiaHR0cHM6XC9cL2xlemdpbm9nbHVpbnNhYXQuY29tXC93cC1jb250ZW50XC91cGxvYWRzXC8yMDI0XC8wN1wvYW5rYXJhLXNhaGEtMS5qcGVnIiwic2xpZGVzaG93IjoiZjQ2MjA3YyJ9\">\n\t\t\t\t\t<div class=\"e-gallery-image elementor-gallery-item__image\" data-thumbnail=\"https:\/\/lezginogluinsaat.com\/wp-content\/uploads\/2024\/07\/ankara-saha-1-300x225.jpeg\" data-width=\"300\" data-height=\"225\" aria-label=\"\" role=\"img\" ><\/div>\n\t\t\t\t\t\t\t\t\t\t\t<div class=\"elementor-gallery-item__overlay\"><\/div>\n\t\t\t\t\t\t\t\t\t\t\t\t\t\t<\/a>\n\t\t\t\t\t\t\t<a class=\"e-gallery-item elementor-gallery-item elementor-animated-content\" href=\"https:\/\/lezginogluinsaat.com\/wp-content\/uploads\/2024\/07\/52743bef-1061-41b5-9ab9-8dc5a0217766.jpeg\" data-elementor-open-lightbox=\"yes\" data-elementor-lightbox-slideshow=\"f46207c\" data-elementor-lightbox-title=\"Lezgino\u011flu \u0130n\u015faat\" data-e-action-hash=\"#elementor-action%3Aaction%3Dlightbox%26settings%3DeyJpZCI6MTE1NSwidXJsIjoiaHR0cHM6XC9cL2xlemdpbm9nbHVpbnNhYXQuY29tXC93cC1jb250ZW50XC91cGxvYWRzXC8yMDI0XC8wN1wvNTI3NDNiZWYtMTA2MS00MWI1LTlhYjktOGRjNWEwMjE3NzY2LmpwZWciLCJzbGlkZXNob3ciOiJmNDYyMDdjIn0%3D\">\n\t\t\t\t\t<div class=\"e-gallery-image elementor-gallery-item__image\" data-thumbnail=\"https:\/\/lezginogluinsaat.com\/wp-content\/uploads\/2024\/07\/52743bef-1061-41b5-9ab9-8dc5a0217766-300x225.jpeg\" data-width=\"300\" data-height=\"225\" aria-label=\"\" role=\"img\" ><\/div>\n\t\t\t\t\t\t\t\t\t\t\t<div class=\"elementor-gallery-item__overlay\"><\/div>\n\t\t\t\t\t\t\t\t\t\t\t\t\t\t<\/a>\n\t\t\t\t\t\t\t<a class=\"e-gallery-item elementor-gallery-item elementor-animated-content\" href=\"https:\/\/lezginogluinsaat.com\/wp-content\/uploads\/2024\/07\/WhatsApp-Image-2024-06-10-at-15.43.55-1.jpeg\" data-elementor-open-lightbox=\"yes\" data-elementor-lightbox-slideshow=\"f46207c\" data-elementor-lightbox-title=\"Lezgino\u011flu \u0130n\u015faat\" data-e-action-hash=\"#elementor-action%3Aaction%3Dlightbox%26settings%3DeyJpZCI6MTE1OSwidXJsIjoiaHR0cHM6XC9cL2xlemdpbm9nbHVpbnNhYXQuY29tXC93cC1jb250ZW50XC91cGxvYWRzXC8yMDI0XC8wN1wvV2hhdHNBcHAtSW1hZ2UtMjAyNC0wNi0xMC1hdC0xNS40My41NS0xLmpwZWciLCJzbGlkZXNob3ciOiJmNDYyMDdjIn0%3D\">\n\t\t\t\t\t<div class=\"e-gallery-image elementor-gallery-item__image\" data-thumbnail=\"https:\/\/lezginogluinsaat.com\/wp-content\/uploads\/2024\/07\/WhatsApp-Image-2024-06-10-at-15.43.55-1-300x225.jpeg\" data-width=\"300\" data-height=\"225\" aria-label=\"\" role=\"img\" ><\/div>\n\t\t\t\t\t\t\t\t\t\t\t<div class=\"elementor-gallery-item__overlay\"><\/div>\n\t\t\t\t\t\t\t\t\t\t\t\t\t\t<\/a>\n\t\t\t\t\t\t\t<a class=\"e-gallery-item elementor-gallery-item elementor-animated-content\" href=\"https:\/\/lezginogluinsaat.com\/wp-content\/uploads\/2024\/08\/ANKARA-2.png\" data-elementor-open-lightbox=\"yes\" data-elementor-lightbox-slideshow=\"f46207c\" data-elementor-lightbox-title=\"ANKARA-2\" data-e-action-hash=\"#elementor-action%3Aaction%3Dlightbox%26settings%3DeyJpZCI6MTQyNSwidXJsIjoiaHR0cHM6XC9cL2xlemdpbm9nbHVpbnNhYXQuY29tXC93cC1jb250ZW50XC91cGxvYWRzXC8yMDI0XC8wOFwvQU5LQVJBLTIucG5nIiwic2xpZGVzaG93IjoiZjQ2MjA3YyJ9\">\n\t\t\t\t\t<div class=\"e-gallery-image elementor-gallery-item__image\" data-thumbnail=\"https:\/\/lezginogluinsaat.com\/wp-content\/uploads\/2024\/08\/ANKARA-2-300x203.png\" data-width=\"300\" data-height=\"203\" aria-label=\"\" role=\"img\" ><\/div>\n\t\t\t\t\t\t\t\t\t\t\t<div class=\"elementor-gallery-item__overlay\"><\/div>\n\t\t\t\t\t\t\t\t\t\t\t\t\t\t<\/a>\n\t\t\t\t\t\t\t<a class=\"e-gallery-item elementor-gallery-item elementor-animated-content\" href=\"https:\/\/lezginogluinsaat.com\/wp-content\/uploads\/2024\/08\/ANKARA-1.png\" data-elementor-open-lightbox=\"yes\" data-elementor-lightbox-slideshow=\"f46207c\" data-elementor-lightbox-title=\"ANKARA-1\" data-e-action-hash=\"#elementor-action%3Aaction%3Dlightbox%26settings%3DeyJpZCI6MTQyNiwidXJsIjoiaHR0cHM6XC9cL2xlemdpbm9nbHVpbnNhYXQuY29tXC93cC1jb250ZW50XC91cGxvYWRzXC8yMDI0XC8wOFwvQU5LQVJBLTEucG5nIiwic2xpZGVzaG93IjoiZjQ2MjA3YyJ9\">\n\t\t\t\t\t<div class=\"e-gallery-image elementor-gallery-item__image\" data-thumbnail=\"https:\/\/lezginogluinsaat.com\/wp-content\/uploads\/2024\/08\/ANKARA-1-300x203.png\" data-width=\"300\" data-height=\"203\" aria-label=\"\" role=\"img\" ><\/div>\n\t\t\t\t\t\t\t\t\t\t\t<div class=\"elementor-gallery-item__overlay\"><\/div>\n\t\t\t\t\t\t\t\t\t\t\t\t\t\t<\/a>\n\t\t\t\t\t\t\t<a class=\"e-gallery-item elementor-gallery-item elementor-animated-content\" href=\"https:\/\/lezginogluinsaat.com\/wp-content\/uploads\/2024\/07\/b6de9823-d085-44a0-ad48-34f794c393d1.jpeg\" data-elementor-open-lightbox=\"yes\" data-elementor-lightbox-slideshow=\"f46207c\" data-elementor-lightbox-title=\"Lezgino\u011flu \u0130n\u015faat\" data-e-action-hash=\"#elementor-action%3Aaction%3Dlightbox%26settings%3DeyJpZCI6MTE1NywidXJsIjoiaHR0cHM6XC9cL2xlemdpbm9nbHVpbnNhYXQuY29tXC93cC1jb250ZW50XC91cGxvYWRzXC8yMDI0XC8wN1wvYjZkZTk4MjMtZDA4NS00NGEwLWFkNDgtMzRmNzk0YzM5M2QxLmpwZWciLCJzbGlkZXNob3ciOiJmNDYyMDdjIn0%3D\">\n\t\t\t\t\t<div class=\"e-gallery-image elementor-gallery-item__image\" data-thumbnail=\"https:\/\/lezginogluinsaat.com\/wp-content\/uploads\/2024\/07\/b6de9823-d085-44a0-ad48-34f794c393d1-300x170.jpeg\" data-width=\"300\" data-height=\"170\" aria-label=\"\" role=\"img\" ><\/div>\n\t\t\t\t\t\t\t\t\t\t\t<div class=\"elementor-gallery-item__overlay\"><\/div>\n\t\t\t\t\t\t\t\t\t\t\t\t\t\t<\/a>\n\t\t\t\t\t\t\t<a class=\"e-gallery-item elementor-gallery-item elementor-animated-content\" href=\"https:\/\/lezginogluinsaat.com\/wp-content\/uploads\/2024\/07\/264c8c71-03c7-4120-97f8-2bf20e15038d.jpeg\" data-elementor-open-lightbox=\"yes\" data-elementor-lightbox-slideshow=\"f46207c\" data-elementor-lightbox-title=\"Lezgino\u011flu \u0130n\u015faat\" data-e-action-hash=\"#elementor-action%3Aaction%3Dlightbox%26settings%3DeyJpZCI6MTE1NCwidXJsIjoiaHR0cHM6XC9cL2xlemdpbm9nbHVpbnNhYXQuY29tXC93cC1jb250ZW50XC91cGxvYWRzXC8yMDI0XC8wN1wvMjY0YzhjNzEtMDNjNy00MTIwLTk3ZjgtMmJmMjBlMTUwMzhkLmpwZWciLCJzbGlkZXNob3ciOiJmNDYyMDdjIn0%3D\">\n\t\t\t\t\t<div class=\"e-gallery-image elementor-gallery-item__image\" data-thumbnail=\"https:\/\/lezginogluinsaat.com\/wp-content\/uploads\/2024\/07\/264c8c71-03c7-4120-97f8-2bf20e15038d-300x165.jpeg\" data-width=\"300\" data-height=\"165\" aria-label=\"\" role=\"img\" ><\/div>\n\t\t\t\t\t\t\t\t\t\t\t<div class=\"elementor-gallery-item__overlay\"><\/div>\n\t\t\t\t\t\t\t\t\t\t\t\t\t\t<\/a>\n\t\t\t\t\t\t\t<a class=\"e-gallery-item elementor-gallery-item elementor-animated-content\" href=\"https:\/\/lezginogluinsaat.com\/wp-content\/uploads\/2024\/07\/WhatsApp-Image-2024-06-10-at-15.43.54.jpeg\" data-elementor-open-lightbox=\"yes\" data-elementor-lightbox-slideshow=\"f46207c\" data-elementor-lightbox-title=\"Lezgino\u011flu \u0130n\u015faat\" data-e-action-hash=\"#elementor-action%3Aaction%3Dlightbox%26settings%3DeyJpZCI6MTE1OCwidXJsIjoiaHR0cHM6XC9cL2xlemdpbm9nbHVpbnNhYXQuY29tXC93cC1jb250ZW50XC91cGxvYWRzXC8yMDI0XC8wN1wvV2hhdHNBcHAtSW1hZ2UtMjAyNC0wNi0xMC1hdC0xNS40My41NC5qcGVnIiwic2xpZGVzaG93IjoiZjQ2MjA3YyJ9\">\n\t\t\t\t\t<div class=\"e-gallery-image elementor-gallery-item__image\" data-thumbnail=\"https:\/\/lezginogluinsaat.com\/wp-content\/uploads\/2024\/07\/WhatsApp-Image-2024-06-10-at-15.43.54-300x225.jpeg\" data-width=\"300\" data-height=\"225\" aria-label=\"\" role=\"img\" ><\/div>\n\t\t\t\t\t\t\t\t\t\t\t<div class=\"elementor-gallery-item__overlay\"><\/div>\n\t\t\t\t\t\t\t\t\t\t\t\t\t\t<\/a>\n\t\t\t\t\t\t\t<a class=\"e-gallery-item elementor-gallery-item elementor-animated-content\" href=\"https:\/\/lezginogluinsaat.com\/wp-content\/uploads\/2024\/07\/WhatsApp-Image-2024-06-10-at-15.43.55.jpeg\" data-elementor-open-lightbox=\"yes\" data-elementor-lightbox-slideshow=\"f46207c\" data-elementor-lightbox-title=\"Lezgino\u011flu \u0130n\u015faat\" data-e-action-hash=\"#elementor-action%3Aaction%3Dlightbox%26settings%3DeyJpZCI6MTE2MiwidXJsIjoiaHR0cHM6XC9cL2xlemdpbm9nbHVpbnNhYXQuY29tXC93cC1jb250ZW50XC91cGxvYWRzXC8yMDI0XC8wN1wvV2hhdHNBcHAtSW1hZ2UtMjAyNC0wNi0xMC1hdC0xNS40My41NS5qcGVnIiwic2xpZGVzaG93IjoiZjQ2MjA3YyJ9\">\n\t\t\t\t\t<div class=\"e-gallery-image elementor-gallery-item__image\" data-thumbnail=\"https:\/\/lezginogluinsaat.com\/wp-content\/uploads\/2024\/07\/WhatsApp-Image-2024-06-10-at-15.43.55-300x225.jpeg\" data-width=\"300\" data-height=\"225\" aria-label=\"\" role=\"img\" ><\/div>\n\t\t\t\t\t\t\t\t\t\t\t<div class=\"elementor-gallery-item__overlay\"><\/div>\n\t\t\t\t\t\t\t\t\t\t\t\t\t\t<\/a>\n\t\t\t\t\t<\/div>\n\t\t\t\t\t<\/div>\n\t\t\t\t<\/div>\n\t\t\t\t\t<\/div>\n\t\t\t\t<\/div>\n\t\t<div class=\"elementor-element elementor-element-79512e72 e-grid e-con-boxed e-con e-parent\" data-id=\"79512e72\" data-element_type=\"container\">\n\t\t\t\t\t<div class=\"e-con-inner\">\n\t\t\t\t<div class=\"elementor-element elementor-element-4fa62c52 elementor-widget elementor-widget-image\" data-id=\"4fa62c52\" data-element_type=\"widget\" data-widget_type=\"image.default\">\n\t\t\t\t<div class=\"elementor-widget-container\">\n\t\t\t\t\t\t\t\t\t\t\t\t\t\t\t<img fetchpriority=\"high\" decoding=\"async\" width=\"1024\" height=\"768\" src=\"https:\/\/lezginogluinsaat.com\/wp-content\/uploads\/2025\/06\/52743bef-1061-41b5-9ab9-8dc5a0217766-1024x768.jpeg\" class=\"attachment-large size-large wp-image-1493\" alt=\"\" srcset=\"https:\/\/lezginogluinsaat.com\/wp-content\/uploads\/2025\/06\/52743bef-1061-41b5-9ab9-8dc5a0217766-1024x768.jpeg 1024w, https:\/\/lezginogluinsaat.com\/wp-content\/uploads\/2025\/06\/52743bef-1061-41b5-9ab9-8dc5a0217766-300x225.jpeg 300w, https:\/\/lezginogluinsaat.com\/wp-content\/uploads\/2025\/06\/52743bef-1061-41b5-9ab9-8dc5a0217766-768x576.jpeg 768w, https:\/\/lezginogluinsaat.com\/wp-content\/uploads\/2025\/06\/52743bef-1061-41b5-9ab9-8dc5a0217766-1536x1152.jpeg 1536w, https:\/\/lezginogluinsaat.com\/wp-content\/uploads\/2025\/06\/52743bef-1061-41b5-9ab9-8dc5a0217766.jpeg 1600w\" sizes=\"(max-width: 1024px) 100vw, 1024px\" \/>\t\t\t\t\t\t\t\t\t\t\t\t\t\t\t<\/div>\n\t\t\t\t<\/div>\n\t\t\t\t<div class=\"elementor-element elementor-element-64d82952 elementor-widget elementor-widget-image\" data-id=\"64d82952\" data-element_type=\"widget\" data-widget_type=\"image.default\">\n\t\t\t\t<div class=\"elementor-widget-container\">\n\t\t\t\t\t\t\t\t\t\t\t\t\t\t\t<img decoding=\"async\" width=\"1024\" height=\"768\" src=\"https:\/\/lezginogluinsaat.com\/wp-content\/uploads\/2025\/06\/WhatsApp-Image-2024-06-10-at-15.43.54-1024x768.jpeg\" class=\"attachment-large size-large wp-image-1494\" alt=\"\" srcset=\"https:\/\/lezginogluinsaat.com\/wp-content\/uploads\/2025\/06\/WhatsApp-Image-2024-06-10-at-15.43.54-1024x768.jpeg 1024w, https:\/\/lezginogluinsaat.com\/wp-content\/uploads\/2025\/06\/WhatsApp-Image-2024-06-10-at-15.43.54-300x225.jpeg 300w, https:\/\/lezginogluinsaat.com\/wp-content\/uploads\/2025\/06\/WhatsApp-Image-2024-06-10-at-15.43.54-768x576.jpeg 768w, https:\/\/lezginogluinsaat.com\/wp-content\/uploads\/2025\/06\/WhatsApp-Image-2024-06-10-at-15.43.54-1536x1152.jpeg 1536w, https:\/\/lezginogluinsaat.com\/wp-content\/uploads\/2025\/06\/WhatsApp-Image-2024-06-10-at-15.43.54.jpeg 1600w\" sizes=\"(max-width: 1024px) 100vw, 1024px\" \/>\t\t\t\t\t\t\t\t\t\t\t\t\t\t\t<\/div>\n\t\t\t\t<\/div>\n\t\t\t\t<div class=\"elementor-element elementor-element-4584913c elementor-widget elementor-widget-image\" data-id=\"4584913c\" data-element_type=\"widget\" data-widget_type=\"image.default\">\n\t\t\t\t<div class=\"elementor-widget-container\">\n\t\t\t\t\t\t\t\t\t\t\t\t\t\t\t<img decoding=\"async\" width=\"1024\" height=\"768\" src=\"https:\/\/lezginogluinsaat.com\/wp-content\/uploads\/2025\/06\/WhatsApp-Image-2024-06-10-at-15.43.55-2-1024x768.jpeg\" class=\"attachment-large size-large wp-image-1495\" alt=\"\" srcset=\"https:\/\/lezginogluinsaat.com\/wp-content\/uploads\/2025\/06\/WhatsApp-Image-2024-06-10-at-15.43.55-2-1024x768.jpeg 1024w, https:\/\/lezginogluinsaat.com\/wp-content\/uploads\/2025\/06\/WhatsApp-Image-2024-06-10-at-15.43.55-2-300x225.jpeg 300w, https:\/\/lezginogluinsaat.com\/wp-content\/uploads\/2025\/06\/WhatsApp-Image-2024-06-10-at-15.43.55-2-768x576.jpeg 768w, https:\/\/lezginogluinsaat.com\/wp-content\/uploads\/2025\/06\/WhatsApp-Image-2024-06-10-at-15.43.55-2-1536x1152.jpeg 1536w, https:\/\/lezginogluinsaat.com\/wp-content\/uploads\/2025\/06\/WhatsApp-Image-2024-06-10-at-15.43.55-2.jpeg 1600w\" sizes=\"(max-width: 1024px) 100vw, 1024px\" \/>\t\t\t\t\t\t\t\t\t\t\t\t\t\t\t<\/div>\n\t\t\t\t<\/div>\n\t\t\t\t<div class=\"elementor-element elementor-element-51b1098e elementor-widget elementor-widget-image\" data-id=\"51b1098e\" data-element_type=\"widget\" data-widget_type=\"image.default\">\n\t\t\t\t<div class=\"elementor-widget-container\">\n\t\t\t\t\t\t\t\t\t\t\t\t\t\t\t<img loading=\"lazy\" decoding=\"async\" width=\"1024\" height=\"768\" src=\"https:\/\/lezginogluinsaat.com\/wp-content\/uploads\/2025\/06\/WhatsApp-Image-2024-06-10-at-15.43.55-1024x768.jpeg\" class=\"attachment-large size-large wp-image-1496\" alt=\"\" srcset=\"https:\/\/lezginogluinsaat.com\/wp-content\/uploads\/2025\/06\/WhatsApp-Image-2024-06-10-at-15.43.55-1024x768.jpeg 1024w, https:\/\/lezginogluinsaat.com\/wp-content\/uploads\/2025\/06\/WhatsApp-Image-2024-06-10-at-15.43.55-300x225.jpeg 300w, https:\/\/lezginogluinsaat.com\/wp-content\/uploads\/2025\/06\/WhatsApp-Image-2024-06-10-at-15.43.55-768x576.jpeg 768w, https:\/\/lezginogluinsaat.com\/wp-content\/uploads\/2025\/06\/WhatsApp-Image-2024-06-10-at-15.43.55-1536x1152.jpeg 1536w, https:\/\/lezginogluinsaat.com\/wp-content\/uploads\/2025\/06\/WhatsApp-Image-2024-06-10-at-15.43.55.jpeg 1600w\" sizes=\"(max-width: 1024px) 100vw, 1024px\" \/>\t\t\t\t\t\t\t\t\t\t\t\t\t\t\t<\/div>\n\t\t\t\t<\/div>\n\t\t\t\t<div class=\"elementor-element elementor-element-71d8fa45 elementor-widget elementor-widget-image\" data-id=\"71d8fa45\" data-element_type=\"widget\" data-widget_type=\"image.default\">\n\t\t\t\t<div class=\"elementor-widget-container\">\n\t\t\t\t\t\t\t\t\t\t\t\t\t\t\t<img loading=\"lazy\" decoding=\"async\" width=\"886\" height=\"487\" src=\"https:\/\/lezginogluinsaat.com\/wp-content\/uploads\/2025\/06\/264c8c71-03c7-4120-97f8-2bf20e15038d.jpeg\" class=\"attachment-large size-large wp-image-1497\" alt=\"\" srcset=\"https:\/\/lezginogluinsaat.com\/wp-content\/uploads\/2025\/06\/264c8c71-03c7-4120-97f8-2bf20e15038d.jpeg 886w, https:\/\/lezginogluinsaat.com\/wp-content\/uploads\/2025\/06\/264c8c71-03c7-4120-97f8-2bf20e15038d-300x165.jpeg 300w, https:\/\/lezginogluinsaat.com\/wp-content\/uploads\/2025\/06\/264c8c71-03c7-4120-97f8-2bf20e15038d-768x422.jpeg 768w\" sizes=\"(max-width: 886px) 100vw, 886px\" \/>\t\t\t\t\t\t\t\t\t\t\t\t\t\t\t<\/div>\n\t\t\t\t<\/div>\n\t\t\t\t<div class=\"elementor-element elementor-element-4f098236 elementor-widget elementor-widget-image\" data-id=\"4f098236\" data-element_type=\"widget\" data-widget_type=\"image.default\">\n\t\t\t\t<div class=\"elementor-widget-container\">\n\t\t\t\t\t\t\t\t\t\t\t\t\t\t\t<img loading=\"lazy\" decoding=\"async\" width=\"874\" height=\"494\" src=\"https:\/\/lezginogluinsaat.com\/wp-content\/uploads\/2025\/06\/b6de9823-d085-44a0-ad48-34f794c393d1.jpeg\" class=\"attachment-large size-large wp-image-1498\" alt=\"\" srcset=\"https:\/\/lezginogluinsaat.com\/wp-content\/uploads\/2025\/06\/b6de9823-d085-44a0-ad48-34f794c393d1.jpeg 874w, https:\/\/lezginogluinsaat.com\/wp-content\/uploads\/2025\/06\/b6de9823-d085-44a0-ad48-34f794c393d1-300x170.jpeg 300w, https:\/\/lezginogluinsaat.com\/wp-content\/uploads\/2025\/06\/b6de9823-d085-44a0-ad48-34f794c393d1-768x434.jpeg 768w\" sizes=\"(max-width: 874px) 100vw, 874px\" \/>\t\t\t\t\t\t\t\t\t\t\t\t\t\t\t<\/div>\n\t\t\t\t<\/div>\n\t\t\t\t\t<\/div>\n\t\t\t\t<\/div>\n\t\t\t\t<\/div>\n\t\t","protected":false},"excerpt":{"rendered":"","protected":false},"author":1,"featured_media":0,"parent":0,"menu_order":0,"comment_status":"closed","ping_status":"closed","template":"","meta":{"_kad_post_transparent":"default","_kad_post_title":"hide","_kad_post_layout":"fullwidth","_kad_post_sidebar_id":"","_kad_post_content_style":"unboxed","_kad_post_vertical_padding":"hide","_kad_post_feature":"hide","_kad_post_feature_position":"","_kad_post_header":false,"_kad_post_footer":false,"footnotes":""},"class_list":["post-1151","page","type-page","status-publish","hentry"],"_links":{"self":[{"href":"https:\/\/lezginogluinsaat.com\/index.php\/wp-json\/wp\/v2\/pages\/1151","targetHints":{"allow":["GET"]}}],"collection":[{"href":"https:\/\/lezginogluinsaat.com\/index.php\/wp-json\/wp\/v2\/pages"}],"about":[{"href":"https:\/\/lezginogluinsaat.com\/index.php\/wp-json\/wp\/v2\/types\/page"}],"author":[{"embeddable":true,"href":"https:\/\/lezginogluinsaat.com\/index.php\/wp-json\/wp\/v2\/users\/1"}],"replies":[{"embeddable":true,"href":"https:\/\/lezginogluinsaat.com\/index.php\/wp-json\/wp\/v2\/comments?post=1151"}],"version-history":[{"count":16,"href":"https:\/\/lezginogluinsaat.com\/index.php\/wp-json\/wp\/v2\/pages\/1151\/revisions"}],"predecessor-version":[{"id":1501,"href":"https:\/\/lezginogluinsaat.com\/index.php\/wp-json\/wp\/v2\/pages\/1151\/revisions\/1501"}],"wp:attachment":[{"href":"https:\/\/lezginogluinsaat.com\/index.php\/wp-json\/wp\/v2\/media?parent=1151"}],"curies":[{"name":"wp","href":"https:\/\/api.w.org\/{rel}","templated":true}]}}